1
List the prime factors of 242203825.
5, 2239, 4327
List the prime factors of 1245059016.
2, 3, 51877459
List the prime factors of 2257561599.
3, 752520533
List the prime factors of 20499991.
3167, 6473
What are the prime factors of 642052652?
2, 160513163
List the prime factors of 27550980.
2, 3, 5, 269, 569
What are the prime factors of 32038647?
3, 2111, 5059
List the prime factors of 1489452839.
7, 71, 131, 22877
What are the prime factors of 2456170348?
2, 127, 4834981
What are the prime factors of 56946682?
2, 13, 59, 37123
What are the prime factors of 314150440?
2, 5, 499, 15739
List the prime factors of 343393864.
2, 11, 23, 169661
List the prime factors of 17585101.
37, 475273
What are the prime factors of 75795637?
397, 190921
What are the prime factors of 1436766710?
2, 5, 143676671
List the prime factors of 1070697389.
283, 911, 4153
List the prime factors of 387338199.
3, 19, 357653
List the prime factors of 82980734.
2, 23, 197, 9157
What are the prime factors of 124390940?
2, 5, 6219547
List the prime factors of 127458164.
2, 2551, 12491
List the prime factors of 45139179.
3, 23, 654191
What are the prime factors of 19693877?
7, 2813411
List the prime factors of 169433958.
2, 3, 59, 478627
What are the prime factors of 127388347?
127388347
What are the prime factors of 26275601?
11, 887, 2693
List the prime factors of 209600545.
5, 7, 11, 29, 18773
What are the prime factors of 2695002557?
13, 207307889
List the prime factors of 103011689.
11, 9364699
What are the prime factors of 92458787?
293, 315559
List the prime factors of 490387539.
3, 67, 2439739
What are the prime factors of 65425438?
2, 13, 31, 81173
List the prime factors of 73967961.
3, 241, 263, 389
List the prime factors of 39139293.
3, 911, 14321
List the prime factors of 270201949.
137, 1972277
What are the prime factors of 13234548?
2, 3, 1102879
What are the prime factors of 318655056?
2, 3, 6638647
What are the prime factors of 1134541566?
2, 3, 19, 368597
What are the prime factors of 82001131?
19, 79, 54631
List the prime factors of 1565953892.
2, 391488473
List the prime factors of 23618693.
7, 3374099
What are the prime factors of 299161140?
2, 3, 5, 4986019
List the prime factors of 82979967.
3, 7, 3951427
List the prime factors of 5027771658.
2, 3, 7, 13, 17, 541669
What are the prime factors of 912984439?
17, 6719, 7993
List the prime factors of 120387902.
2, 60193951
List the prime factors of 963326126.
2, 7, 1291, 53299
List the prime factors of 41355711.
3, 29, 52817
What are the prime factors of 4276223147?
7, 610889021
What are the prime factors of 720439366?
2, 360219683
List the prime factors of 1008505449.
3, 7, 23, 197, 3533
List the prime factors of 495326071.
495326071
List the prime factors of 5304794711.
47869, 110819
What are the prime factors of 21884255?
5, 4376851
List the prime factors of 128532575.
5, 367, 14009
What are the prime factors of 132346113?
3, 44115371
What are the prime factors of 509620354?
2, 601, 423977
List the prime factors of 290316540.
2, 3, 5, 4838609
What are the prime factors of 303334544?
2, 19, 997811
What are the prime factors of 201004788?
2, 3, 16750399
List the prime factors of 1290989162.
2, 19, 33973399
What are the prime factors of 1247776747?
7, 12577, 14173
What are the prime factors of 145806130?
2, 5, 173, 271, 311
List the prime factors of 78531424.
2, 2454107
List the prime factors of 3624910605.
3, 5, 80553569
List the prime factors of 630432937.
353, 383, 4663
What are the prime factors of 50392804?
2, 7, 11, 163613
List the prime factors of 1600063387.
13, 509, 241811
What are the prime factors of 1903939406?
2, 109, 317, 27551
What are the prime factors of 1098231354?
2, 3, 11, 5546623
List the prime factors of 836812017.
3, 37, 47, 127, 421
List the prime factors of 72228331.
7, 47, 59, 61
What are the prime factors of 41065743?
3, 139, 98479
List the prime factors of 2321670752.
2, 72552211
List the prime factors of 56069786.
2, 277, 101209
What are the prime factors of 1004157171?
3, 37, 3015487
What are the prime factors of 343122805?
5, 19, 113, 31963
What are the prime factors of 1808068268?
2, 452017067
What are the prime factors of 400490426?
2, 7, 31, 241, 547
List the prime factors of 24056143.
61, 394363
List the prime factors of 18319029.
3, 6106343
What are the prime factors of 3517381274?
2, 11, 159880967
What are the prime factors of 93446291?
587, 159193
What are the prime factors of 4855033?
4855033
What are the prime factors of 1378083535?
5, 3463, 79589
List the prime factors of 7606650360.
2, 3, 5, 63388753
What are the prime factors of 200458132?
2, 7, 19, 376801
List the prime factors of 71876217.
3, 7, 3422677
List the prime factors of 6118403.
6118403
List the prime factors of 16118798.
2, 8059399
What are the prime factors of 2570481464?
2, 17, 37, 510827
What are the prime factors of 208285040?
2, 5, 2603563
List the prime factors of 216325362.
2, 3, 11, 3277657
List the prime factors of 6338777524.
2, 139, 479, 23801
What are the prime factors of 218924812?
2, 54731203
What are the prime factors of 3180897667?
3180897667
What are the prime factors of 4521919037?
4521919037
List the prime factors of 672847881.
3, 224282627
What are the prime factors of 510536127?
3, 3011, 56519
List the prime factors of 1471335147.
3, 911, 179453
What are the prime factors of 1462099109?
8527, 171467
What are the prime factors of 6325295020?
2, 5, 11, 761, 37781
What are the prime factors of 727817369?
373, 1951253
What are the prime factors of 2837226528?
2, 3, 19, 53, 1087
List the prime factors of 58414002.
2, 3, 449, 21683
List the prime factors of 6696569598.
2, 3, 229, 4873777
List the prime factors of 35272550.
2, 5, 19, 107, 347
List the prime factors of 590669072.
2, 7, 23, 467, 491
What are the prime factors of 737032633?
79, 9329527
List the prime factors of 65449659.
3, 11, 1983323
What are the prime factors of 37232474?
2, 18616237
List the prime factors of 1838958268.
2, 7, 65677081
What are the prime factors of 147681122?
2, 61, 307, 3943
List the prime factors of 865958178.
2, 3, 144326363
What are the prime factors of 1317437217?
3, 23, 707159
List the prime factors of 22884262.
2, 31, 83, 4447
What are the prime factors of 464943573?
3, 29, 1781393
What are the prime factors of 3992894?
2, 29, 43, 1601
What are the prime factors of 445918444?
2, 241, 462571
List the prime factors of 1389295793.
251, 491, 11273
List the prime factors of 568584933.
3, 7, 29, 131, 7127
List the prime factors of 460860756.
2, 3, 31, 43, 47, 613
What are the prime factors of 41713141?
41713141
List the prime factors of 1024382826.
2, 3, 991, 57427
List the prime factors of 84017121.
3, 37, 59, 12829
List the prime factors of 998555539.
31, 73, 97, 4549
What are the prime factors of 103707414?
2, 3, 23, 250501
What are the prime factors of 2611659860?
2, 5, 181, 743, 971
List the prime factors of 1749215153.
7, 17, 14699287
List the prime factors of 3338348501.
23, 6863, 21149
List the prime factors of 56178424.
2, 107, 65629
What are the prime factors of 8187393?
3, 157, 17383
What are the prime factors of 63902943?
3, 13, 546179
List the prime factors of 243730553.
11, 22157323
What are the prime factors of 246144818?
2, 1013, 121493
List the prime factors of 41130997.
41130997
List the prime factors of 79011260.
2, 5, 3950563
List the prime factors of 17620488.
2, 3, 41, 47, 127
List the prime factors of 75044873.
53, 59, 103, 233
List the prime factors of 2992904754.
2, 3, 7, 71259637
List the prime factors of 735746700.
2, 3, 5, 13, 188653
List the prime factors of 234083124.
2, 3, 11, 47, 12577
List the prime factors of 525134805.
3, 5, 13, 2692999
What are the prime factors of 69883328?
2, 17, 64231
What are the prime factors of 1555997756?
2, 31, 2551, 4919
List the prime factors of 10781146.
2, 163, 33071
List the prime factors of 695104226.
2, 347552113
List the prime factors of 518230891.
89, 131, 44449
List the prime factors of 7040157.
3, 2346719
List the prime factors of 35775542.
2, 11, 139, 11699
What are the prime factors of 3550930167?
3, 73, 491, 33023
List the prime factors of 1884978472.
2, 13, 83, 218371
List the prime factors of 3367812286.
2, 31, 3793, 14321
L